{"id":11,"date":"2022-10-24T07:43:04","date_gmt":"2022-10-24T05:43:04","guid":{"rendered":"https:\/\/bapereps.de\/?page_id=11"},"modified":"2022-10-24T07:43:04","modified_gmt":"2022-10-24T05:43:04","slug":"top-5-fake-bape-stores-zum-einkaufen-von-bape-replica","status":"publish","type":"page","link":"https:\/\/bapereps.de\/","title":{"rendered":"Top 5 Fake Bape Stores zum Einkaufen von Bape Replica"},"content":{"rendered":"\n<p>BAPE ist eine ber\u00fchmte Streetwear-Marke, die in Harajuku, Japan, geboren wurde. Sein vollst\u00e4ndiger Name lautet \u201eA Bathing Ape in Lauwarm Water\u201c. Sein Name stammt aus dem amerikanischen Science-Fiction-Film Planet der Affen, der 1968 produziert wurde. In den letzten Jahren ist er aufgrund seines einzigartigen Designs, seiner hohen Qualit\u00e4t und seiner limitierten Produkte in Europa und den Vereinigten Staaten popul\u00e4r geworden. Aufgrund des hohen Preises von echtem Bape k\u00f6nnen viele junge Leute es jedoch nicht ertragen. Daher ist gef\u00e4lschtes Bape f\u00fcr viele Menschen zur besten Wahl geworden.<\/p>\n\n\n\n<p>Was ist Fake-Bape?<br>Fake Bape bezieht sich auf Nachbildungen von Streetwear, die von der urspr\u00fcnglichen Form und den Materialien von autorisiertem Bape kopiert wurden, einschlie\u00dflich Hoodie, Maske, Jacken, Hemden usw.<\/p>\n\n\n\n<p>Die meisten gef\u00e4lschten Bape-Verk\u00e4uferdienste und die Produktqualit\u00e4t im Internet sind unqualifiziert. Also haben wir die 5 besten Fake-Bape-Online-Shops \u00fcberpr\u00fcft und aufgelistet.<\/p>\n\n\n\n<h1 class=\"wp-block-heading\">1. HYPEUNIQUE<\/h1>\n\n\n\n<p><a href=\"https:\/\/hypeunique.org\/product-category\/bape\/\" data-type=\"URL\" data-id=\"https:\/\/hypeunique.org\/product-category\/bape\/\">HypeUnique<\/a> ist ein Hype-Streetwear-Onlineshop. Die Website ist bei Skateboardern wegen ihrer hochwertigen Nachbildungen und effizienten Dienstleistungen beliebt. Au\u00dferdem verf\u00fcgt es \u00fcber einen umfassenden After-Sales-Kundendienst und eine R\u00fcckerstattungsrichtlinie. In seiner Herstellung und Gestaltung entwickelt sich Fake Bape nach den Originalmitteln zu h\u00f6chster Qualit\u00e4t. Mit anderen Worten, Sie k\u00f6nnen gef\u00e4lschte Bape-Masken wie echte zu einem g\u00fcnstigen Preis kaufen.<\/p>\n\n\n\n<h1 class=\"wp-block-heading\">2. Etkick.is<\/h1>\n\n\n\n<p>Pkgod ist die h\u00f6chste Version der Replik, insbesondere in Bape Streetwear und Turnschuhen. Das Gesch\u00e4ft hat seine Fabrik und sein Verkaufsteam. In nur 5 Jahren hat es unz\u00e4hlige Fans und Stammkunden erfolgreich angezogen. Der Nachteil ist, dass aufgrund des Strebens nach dem ultimativen Level und der Wiederherstellung von Details die Anzahl der pk god-Produkte gering ist. Pk God belegt den 5. Platz mit wunderbarem gef\u00e4lschtem Bape.<\/p>\n\n\n\n<h1 class=\"wp-block-heading\">3. Vertretung<\/h1>\n\n\n\n<p>Repsnation ist die weltweit gr\u00f6\u00dfte E-Commerce-Plattform und die Hauptverkehrsquelle f\u00fcr unz\u00e4hlige gef\u00e4lschte H\u00e4ndler. Zuerst m\u00fcssen Sie nach \u201eFake Bape Yeezy\u201c oder anderen Schl\u00fcsselw\u00f6rtern suchen. Zweitens erhalten Sie die entsprechende Produktliste, die alle von verschiedenen Verk\u00e4ufern stammen. Das sorgf\u00e4ltige \u00dcberpr\u00fcfen von Kommentaren ist der einzige Weg, um einen hochwertigen gef\u00e4lschten Bape zu erhalten. Au\u00dferdem verf\u00fcgt die Plattform \u00fcber sichere und umfassende Zahlungsmethoden. Da Repsnation keine Nischenseite f\u00fcr Bape ist, haben wir es auf den dritten Platz gesetzt.<\/p>\n\n\n\n<h1 class=\"wp-block-heading\">4. KickWho.to<\/h1>\n\n\n\n<p>Kickwho ist ein 6 Jahre alter Online-Shop f\u00fcr gef\u00e4lschte Bape-Pullover. Die Plattform wurde 2015 auf Reddit popul\u00e4r, egal ob es sich um Nike, Supreme oder Yezzy handelte. Die Website behauptet, nur Premium-Replikate herzustellen, daher ist der Preis h\u00f6her als bei anderen normalen Verk\u00e4ufern. Wenn Sie gef\u00e4lschte Produkte kaufen m\u00f6chten, die sich nicht von autorisierten Bape unterscheiden, ist KickWho sehr gut f\u00fcr Sie geeignet.<\/p>\n\n\n\n<h1 class=\"wp-block-heading\">5. Tunnew.com<\/h1>\n\n\n\n<p>Tunnew.com ist die beste Bape-Replik-Website. Seine Funktion besteht darin, K\u00e4ufern zu erm\u00f6glichen, ihre Bape-Sammlungen darauf zu verkaufen. Ob es sich um eine Nachbildung oder ein authentisches Produkt handelt, solange Ihr Preis mit jemandem \u00fcbereinstimmt, wird die Bestellung automatisch generiert. Allerdings kann man darauf kein Fake-Bape als authentisches Produkt verkaufen. Sobald Sie ihn gefunden haben, werden Ihr Konto und Ihr Guthaben gesperrt. Wenn Sie sich f\u00fcr andere Stra\u00dfenkulturmarken interessieren, wird TunnNew Sie nicht im Stich lassen.<\/p>\n\n\n\n<p>Warum ist gef\u00e4lschtes BAPE so beliebt?<br>Unter diesen Modemarken sto\u00dfen Sie m\u00f6glicherweise oft auf gef\u00e4lschte BAPE als eine der am meisten empfohlenen Marken f\u00fcr Sie. BAPE ist eine der f\u00fchrenden Streetwear-Marken Japans. Aber sein Name ist um die Welt gegangen. Wenn Sie auf die Stra\u00dfe kommen, besteht die M\u00f6glichkeit, dass Sie dort drau\u00dfen einige Kumpels finden, die stolz und laut BAPE tragen.<\/p>\n\n\n\n<p>Es ist eine der beliebtesten Marken auf der Stra\u00dfe. Trotz des hohen Preises neigen die Leute dazu, dies in ihren Garderobenkollektionen zu bekommen. Vielleicht ist es auch eines der hei\u00dfesten Themen, von denen Sie schw\u00e4rmen. Warum ist es trotz seiner hohen Preise so beliebt? Dies ist eine der Fragen, die viele Streetwear-Liebhaber beantworten m\u00f6chten, bevor sie fortfahren.<\/p>\n\n\n\n<p>Die Fake-Bape-Modelle in limitierter Auflage<br>BAPE kommt immer mit begrenztem Vorrat. Die BAPE-Modelle bekommt man nur \u00fcber die offiziellen Stores. Die BAPE-Hersteller selbst konzentrieren ihren Vertrieb auf den station\u00e4ren Handel. Wenn Sie auf dem Online-Marktplatz auf einige Modelle sto\u00dfen, besteht die M\u00f6glichkeit, dass diese von den Wiederverk\u00e4ufern oder anderen Fans stammen. Und meistens steigen die Preise.<\/p>\n\n\n\n<p>Aufgrund der begrenzten Menge der Marke finden Sie sie nur im offiziellen station\u00e4ren Handel. Aber nicht nur wegen der Gimmicks \u201eLimited Edition\u201c werden die Leute stark angezogen. Sie lieben das Design jedes Modells. Sie werden selbst feststellen, dass Sie sich von der Masse abheben, wenn Sie BAPE-Kleidung tragen. Das liegt daran, dass nicht alle Menschen das gleiche Gl\u00fcck haben wie Sie.<\/p>\n\n\n\n<p>Das Markenprestige<br>Aufgrund seiner Exklusivit\u00e4t ist es in vielen Stra\u00dfengemeinschaften zu einem Statussymbol und Trend geworden. gef\u00e4lschtes BAPE-Marketing war schon immer eine M\u00f6glichkeit, die Gesellschaft mit ihren neuen Produktlinien zu \u00fcberraschen, die f\u00fcr die Stra\u00dfenkulturen und Hip-Hop-Fans unwiderstehlich sind. Es ist seit Jahren eine der bekanntesten Marken der Welt. Und bei den Verm\u00e4chtnissen, die immer wieder in Top-Modemagazinen gesichtet wurden, ist es nicht verwunderlich, dass es immer Nachfragen seitens der Eink\u00e4ufer gab.<\/p>\n\n\n\n<p>BAPE hat sein eigenes Prestige, obwohl es als Stra\u00dfenkleidung geplant ist. Es hat das allgemeine Publikum in vielen Arten von Gesellschaften \u00fcberfallen.<\/p>\n\n\n\n<p>Die Models haben direkt in die Herzen des Youngsters geschlagen. Mit den neuesten Modellen von BAPE ist es so einfach, ihre Aufmerksamkeit zu erlangen. In einigen L\u00e4ndern, in denen es um Mode geht, geh\u00f6rt BAPE immer zu den Top 20 der beliebtesten Marken. Obwohl einige Leute nur sein Prestige lieben, verbinden einige Jugendliche es wirklich mit ihrem pers\u00f6nlichen Geschmack.<\/p>\n\n\n\n<p>Top Qualit\u00e4t<br>Nat\u00fcrlich wollen die Leute auch mehr Geld f\u00fcr Qualit\u00e4t ausgeben. BAPE-Produkte sind in der Tat viel besser als die anderer Marken. Wenn man es mit den durchschnittlichen Streetwear-Marken vergleicht, hat BAPE sein eigenes Image und ist unverwechselbar. Das sieht man an T-Shirts, Schuhen, Jeans, Denim, Hoodies, Taschen und anderen Accessoires. Es war schon immer so anders als gef\u00e4lschte BAPE-Produkte. BAPE-Produkte haben so unterschiedliche Vibes und Nuancen. Wer es auf der Stra\u00dfe tr\u00e4gt, wird es so empfinden.<\/p>\n\n\n\n<p>Wenn Sie R&amp;B oder Hip-Hop-Soul m\u00f6gen, wird BAPE leicht Ihre Aufmerksamkeit erregen.<\/p>\n","protected":false},"excerpt":{"rendered":"<p>BAPE ist eine ber\u00fchmte Streetwear-Marke, die in Harajuku, Japan, geboren wurde. Sein vollst\u00e4ndiger Name lautet \u201eA Bathing Ape in Lauwarm Water\u201c. Sein Name stammt aus dem amerikanischen Science-Fiction-Film Planet der Affen, der 1968 produziert wurde. In den letzten Jahren ist er aufgrund seines einzigartigen Designs, seiner hohen Qualit\u00e4t und seiner limitierten Produkte in Europa und [&hellip;]<\/p>\n","protected":false},"author":1,"featured_media":0,"parent":0,"menu_order":0,"comment_status":"closed","ping_status":"closed","template":"","meta":{"footnotes":""},"class_list":["post-11","page","type-page","status-publish","hentry"],"_links":{"self":[{"href":"https:\/\/bapereps.de\/index.php\/wp-json\/wp\/v2\/pages\/11","targetHints":{"allow":["GET"]}}],"collection":[{"href":"https:\/\/bapereps.de\/index.php\/wp-json\/wp\/v2\/pages"}],"about":[{"href":"https:\/\/bapereps.de\/index.php\/wp-json\/wp\/v2\/types\/page"}],"author":[{"embeddable":true,"href":"https:\/\/bapereps.de\/index.php\/wp-json\/wp\/v2\/users\/1"}],"replies":[{"embeddable":true,"href":"https:\/\/bapereps.de\/index.php\/wp-json\/wp\/v2\/comments?post=11"}],"version-history":[{"count":1,"href":"https:\/\/bapereps.de\/index.php\/wp-json\/wp\/v2\/pages\/11\/revisions"}],"predecessor-version":[{"id":13,"href":"https:\/\/bapereps.de\/index.php\/wp-json\/wp\/v2\/pages\/11\/revisions\/13"}],"wp:attachment":[{"href":"https:\/\/bapereps.de\/index.php\/wp-json\/wp\/v2\/media?parent=11"}],"curies":[{"name":"wp","href":"https:\/\/api.w.org\/{rel}","templated":true}]}}